ue
Let q = 283 - 144. Is q composite?
False
Suppose -y + 993 = 3*f, -3*y + f + 2979 = -0*f. Is y a composite number?
True
Let o be -3 + 1 - (-2 - -2). Let i(r) = -r - 4. Let g be i(-5). Is g - 52*2/o composite?
False
Suppose -3*t + h + 32 = 3*h, 0 = -2*h - 10. Is t composite?
True
Let z = 9 + -4. Let h(u) = 3*u + 4 + 3*u - z. Is h(6) a composite number?
True
Let b(d) = d**3 + 5*d**2 + 3*d - 4. Let i be b(-4). Suppose -5*p + 4*h + 955 = i, h - 945 = -5*p + 3*h. Is p a composite number?
True
Suppose 0 = -0*q - 3*q + 5*z - 1043, q + 4*z + 325 = 0. Let w = 718 + q. Is w a prime number?
False
Suppose -28230 = -6*h + 276. Is h a prime number?
True
Let w be (-4)/(-1) - (3 + -1). Is (3 - (w - 1)) + 75 composite?
True
Let l(h) = h**3 + 10*h**2 + 5*h - 2. Is l(-8) composite?
True
Let x(v) = 14 - v**2 - 3*v - 16 + 6*v - v**3. Is x(-4) a composite number?
True
Let a be 3/(6 + 0)*6. Let s(j) = -j**2 - j + 308. Let i be s(0). Suppose -73 = -a*t + i. Is t composite?
False
Let o(u) = 53*u**3 - u + 1. Is o(1) a prime number?
True
Let m(t) = -6*t + 2. Let h be m(-4). Suppose -2*b = -2*a + 4, 5*a - h = b - 8. Suppose -a*j + 124 = 4*l, 7*l + 41 = j + 3*l. Is j prime?
False
Let a(w) = 2*w**2 + 10*w + 7. Is a(8) prime?
False
Let u be (4/(-3))/((-4)/6). Let o(w) = -4*w**3 + u*w**2 - w**2 - 5*w - 2*w**2 + 3. Is o(-5) prime?
True
Let g = 8 - 6. Let o(q) = 8 + q**3 - 4*q**2 - 7*q + 13*q**2 + 2*q**g. Is o(-11) a composite number?
True
Suppose 33*c - 245 = 28*c. Is c a composite number?
True
Let z be 2/6 - 10/(-6). Suppose 0 = -2*g, -g + 18 = 5*v - z. Let j(r) = -r**3 + 6*r**2 - 1. Is j(v) prime?
True
Let h = 18 - 9. Let m = 36 - h. Suppose n - 4 - m = 0. Is n a prime number?
True
Suppose -9*x - 79842 = -30*x. Is x prime?
False
Suppose 5*z - 2 = 2*f, -5*f - 19 = 4*z - 47. Suppose y + 109 = 5*g + z*y, -5*y = g - 41. Is g prime?
False
Let l = 146 - 82. Let s = l + 69. Is s a composite number?
True
Suppose w + 0*a = -3*a + 12, 5*w + 5*a = 20. Suppose -2*u - 2*u + 1364 = w. Is u composite?
True
Let z be (-1)/(-2)*8/2. Suppose -z*j = -7 - 93. Let p = j + -28. Is p composite?
True
Let g(s) = 12*s + 3. Let h be g(-2). Let p = 14 + h. Let t(r) = 2*r**2 + 8*r + 1. Is t(p) a prime number?
True
Let u = 88 - 183. Let y = u - -154. Is y a composite number?
False
Let q be 3/6*6 + 1. Suppose 4*h = -20, 4*f + 29 = f - q*h. Let z(r) = -24*r - 3. Is z(f) a composite number?
True
Let r = -11 - -17. Suppose r*w = 11*w - 2235. Is w a prime number?
False
Suppose -5*d - 100 = 4*c, -2*d = -d + c + 21. Let z be (-140)/d - 2/(-8). Suppose 552 = 4*m + 4*y - z*y, y + 425 = 3*m. Is m a prime number?
False
Suppose -6*p = -1309 - 335. Is p a prime number?
False
Let p(c) be the first derivative of 12*c**4 - 2*c**3/3 + c**2 - 3*c - 5. Is p(2) a prime number?
False
Let n = 29 + -10. Is n a composite number?
False
Let s(y) = 5*y**2 + 3*y - 1. Let c = 5 + -10. Let w = 8 + c. Is s(w) a prime number?
True
Let a = 16 + -25. Let z = 46 + a. Is z composite?
False
Suppose -2*s + 582 = -304. Is s prime?
True
Let f(l) = 13*l + 1. Let z(r) be the first derivative of -r**4/4 + 4*r**3/3 - r**2 + 2*r + 1. Let x be z(2). Is f(x) prime?
True
Let s(t) = t**3 - t**2 + t - 2. Let p be s(0). Let i be (-54)/5 + p/10. Let n = i - -25. Is n a prime number?
False
Suppose 0*x + 717 = 5*x - b, -5*b = -3*x + 439. Is x composite?
True
Suppose g + g = 0. Let k(c) = -c + 3. Let h be k(g). Let l = h - -16. Is l prime?
True
Let z(v) = v**2 - 3*v - 7. Let m be z(5). Let x(i) = 26*i**2 - 6. Let u be x(5). Suppose -m*s + u = s. Is s a composite number?
True
Suppose 1096 = 6*n - 482. Is n a prime number?
True
Suppose 3*q = 5*p - 17, 1 = 3*p - 3*q - 14. Let u(y) = -49*y**3. Let w be u(p). Let o = 104 + w. Is o a prime number?
False
Let x(z) = 4*z**2 - 1. Let d be x(2). Let r = d - 6. Is r a prime number?
False
Suppose -7 = h - 3*q, -h - 2 = -3*h + 2*q. Suppose h*i - 585 = -4*x - x, 3*i = 5*x + 367. Is i composite?
True
Let l(t) = 142*t**3 + 2*t - 2. Let h = 11 - 10. Is l(h) a composite number?
True
Is 1177/77 - (-2)/(-7) a composite number?
True
Is (-697)/(-5) + (-26)/65 a prime number?
True
Let r = 704 + 647. Is r prime?
False
Let p(n) = -2*n**3 + n**2 - 2*n + 2. Let s(c) = c**3 - 4*c**2 + 2*c - 2. Let d be s(3). Is p(d) composite?
True
Suppose -15*y - 5106 = -21*y. Is y a composite number?
True
Suppose 4*v - 2*v - 4*t = 154, 5*t - 98 = -v. Is v a composite number?
False
Let h be (-2)/(-4)*4 - -3. Suppose -h*g - 5*q + 37 = -238, 0 = 3*g + 2*q - 163. Is g a composite number?
False
Is (-1584)/(-20) - (-1)/(-5) composite?
False
Suppose 9*p = 4*p - 85. Let k = p + 42. Suppose -h - 4*t - 545 = -6*h, 5*t - k = 0. Is h a prime number?
True
Suppose -u - 3*t - 2*t = 13, 0 = -3*t - 9. Is 134/4 - u/4 composite?
True
Let a(o) = -o**3 - 13*o**2 - 13*o - 5. Is a(-12) a prime number?
True
Let l = 1 + -4. Let y(f) = f. Let r be y(l). Let u(b) = -17*b + 2. Is u(r) composite?
False
Suppose -6*j + j = -555. Is j a prime number?
False
Let w = 41 + 2. Is w composite?
False
Suppose 5*j = -3 + 23, 5*y - 5*j = 685. Is y prime?
False
Suppose 0 = p + 3*b - 299, -6*p + 4*b + 1164 = -2*p. Is p a composite number?
False
Let r(y) = -y**3 - 8*y**2 + 7*y - 12. Let i be r(-9). Is 1/2 - (-33)/i a composite number?
True
Let y(a) be the first derivative of 4*a**3/3 + 9*a**2/2 + 7*a + 4. Is y(-6) a prime number?
True
Suppose 0 = 2*g + 5*d - 175 + 453, 2*d - 4 = 0. Let x = -157 + 266. Let a = x - g. Is a a prime number?
False
Suppose 2*l + 15 + 1 = 0. Let m = -7 + l. Is (-460)/m*3/2 a composite number?
True
Let s = -54 + 61. Is s a composite number?
False
Let p be (-3)/(-3) - 2/2. Suppose p = 2*x - 0*x + 42. Let g = x + 55. Is g composite?
True
Let k = 282 + -71. Is k a prime number?
True
Is 215/(2 - (-2 + 3)) a composite number?
True
Let i(u) = u**3 + u + 1. Let m(n) = 2*n**3 - 2*n**2 + 3*n. Let b(v) = -4*i(v) + m(v). Is b(-3) a prime number?
False
Let w(f) = -2 - 1 + 4*f + 7*f**2 + 3*f**2 - 6*f**2. Is w(2) composite?
True
Let k(i) = 106*i - 7. Let h be k(5). Suppose h + 22 = 5*p. Is p a composite number?
False
Let k be ((-3)/2)/(2/(-4)). Suppose 23 = 4*v - c, -k*v = -5*v - 5*c + 39. Suppose -5*s = -72 + v. Is s composite?
False
Let n(s) = 31*s - 3. Let p be n(-7). Let i = -143 - p. Is i composite?
True
Suppose 2*o - 4 - 4 = 0. Is ((-37)/4)/(o/(-16)) a composite number?
False
Suppose 4*i - 4*y - 673 - 2087 = 0, -4*y = 4*i - 2752. Is i prime?
False
Suppose -3*o = o - 32. Let r = o - 3. Suppose 5*i - i = 3*d - 57, r*d - 5*i - 90 = 0. Is d composite?
True
Is 2/(30729/(-10245) - 6/(-2)) a composite number?
True
Let d = -6 - -8. Suppose -38 + d = p. Let m = -23 - p. Is m prime?
True
Let s(p) = -p + 12. Let c be s(8). Suppose 0 = -0*b - c*b + 316. Is b a prime number?
True
Is (868/6)/(10/6 + -1) a prime number?
False
Let f = 459 - 248. Is f prime?
True
Suppose 13 = w + 4*s, 2*w + 3*s - 3 = 13. Suppose 0 = 2*g + 2*z - 376, 0 = 3*g + w*z - 596 + 26. Let u = g - 126. Is u a prime number?
True
Suppose -3*j + 358 = -j. Let m = 364 - j. Suppose m = -0*x + 5*x. Is x a composite number?
False
Let z be -1 - (8/(-4))/2. Suppose z = 5*t - 6*t + 49. Is t a prime number?
False
Let g(p) be the second derivative of -35*p**3/6 - 2*p. Let x be g(-1). Suppose 3*o = 4*o - x. Is o composite?
True
Is (-2506)/(-12) - (-6)/36 composite?
True
Let p be -5*((-2 - -2) + -1). Suppose 3*t - p*h = 8 + 72, 0 = 5*h - 25. Is t a composite number?
True
Suppose -731 = -3*y - 26. Let f = y - 114. Is f a prime number?
False
Suppose b - 4*a + 2 = -7, 0 = -b - a + 6. Suppose -b*d + 15 = 2*d. Let f(n) = 9*n**3 + 2*n**2 - 2*n - 4. Is f(d) a prime number?
True
Let i(r) = -5*r**2 - 13 - 7*r**2 - 6*r + 14*r**2. Is i(10) a composite number?
False
Let t be (-17)/4 + 5/20. Let r be 1/t + 345/4. Suppose r = 3*f - 19. Is f prime?
False
Suppose -3*m + 69 + 102 = 0. Let u = m - 35. Is u a composite number?
True
Suppose 3*i - 2*i + 122 = 4*b, -2*b + 4*i + 54 = 0. Suppose 4*a - 5*o = 22, 7*a - 2*a = -4*o + 7. Suppose a*p - b = 2*p. Is p a prime number?
True
Let b(z) = z**2 - 5*z - 1. Let d be b(4). Let a = d - -8. Is a composite?
False
Suppose -w + 130 = w. Suppose -2*b + 7*b - w = 0. Is b prime?
True
Let u(z) = -z**2 - 7*z - 4. Let n(i) = 6*i + 3. Let l(q) = -5*n(q) - 4*u(q). Is l(2) a prime number?
True
Suppose 4*z + 2 = 5*z. 